nd 4.
4
Let h be (-107)/(-15) + 24/(-180). What is the greatest common factor of 28 and h?
7
Let u = 20 + 1. Suppose -2*z + u = z. Calculate the highest common factor of 42 and z.
7
Let y be (-3)/(-12) + (-46)/(-8). Suppose 4*p - 3*h + 22 + 29 = 0, -h = -5*p - 72. Let z be (-441)/p - 3/(-5). Calculate the greatest common factor of z and y.
6
Suppose -c = 5*w - 6 - 7, 0 = 4*c + 4*w - 4. Let b = c - -4. Calculate the highest common divisor of b and 10.
2
Let s be ((-18)/8)/((-3)/32). Suppose g - h = 12, -2*g + 5*h + s = -0*h. Let b(q) = -q + 48. Let f be b(0). Calculate the greatest common factor of g and f.
12
Let x be ((-27)/15)/(6/(-50)). Calculate the highest common divisor of x and 120.
15
Suppose 7*o - 325 = 2*o. Calculate the highest common factor of o and 26.
13
Let a = -13 + 30. What is the highest common factor of a and 136?
17
Let m = 20 - 14. Let q(j) = 7*j**2 + 4. Let v(x) = 6*x**2 + x + 3. Let h(a) = -3*q(a) + 4*v(a). Let u be h(-3). What is the highest common divisor of u and m?
3
Let y be 1/2*0/(-2). Let b(m) = m + 28. Let j be b(y). Suppose 0*s + 5*s = 35. Calculate the highest common factor of s and j.
7
Let c be (84/10)/(6/(-120)*-6). Calculate the greatest common factor of c and 70.
14
Let g(q) = q**2 + 88. Let z be g(0). Suppose -3*y - 2*y + 42 = t, -t + 2 = -5*y. Calculate the highest common factor of t and z.
22
Let m = 11 + -8. Suppose -3*y + 7 + 35 = 3*n, m*y + 2*n = 39. What is the greatest common divisor of y and 55?
11
Let c(j) = j**3 + 4*j**2 - 4*j + 4. Let g be c(-4). What is the highest common divisor of 50 and g?
10
Suppose 3 - 11 = -8*n. Calculate the highest common factor of 9 and n.
1
Let g be 2/5 + (-254)/10. Let l = g + 38. Calculate the highest common divisor of l and 117.
13
Suppose 3*r - 31 = 26. What is the highest common factor of 114 and r?
19
Let q be (-6)/(-9)*-3*(-34 - 1). Let p = 4 + -1. Suppose 4*t - 70 = -2*u, p*u + 2*t - q = u. What is the highest common factor of u and 5?
5
Let s(o) = -103*o - 4. Let k be s(-1). Suppose 7 = 3*z - 4*r, -3*z + r = -2*r - 12. What is the highest common divisor of k and z?
9
Let k = -9 - -3. Let b be ((-20)/k)/((-4)/90). Let x = b - -165. Calculate the highest common divisor of x and 18.
18
Suppose 4*x + 309 = 3*a, 4*x + 507 = 5*a - 0*x. Suppose -41 = -6*m + 2*m - p, 3*p = -3*m + 42. What is the greatest common divisor of m and a?
9
Let x = 56 + -30. Suppose 2*j - x = -0*j. What is the greatest common factor of 39 and j?
13
Let d(j) = 3*j**3 - 5*j**2 + 3*j + 3. Let r be d(3). What is the highest common divisor of r and 12?
12
Let j = 0 + 3. Let z be (-2)/(6/j + -3). Let a be -2*13*z/(-4). Calculate the greatest common factor of a and 143.
13
Suppose -58*n + 6 = -56*n. What is the greatest common factor of n and 24?
3
Let k = -34 - -72. What is the highest common factor of k and 95?
19
Suppose 2*s + 3*h - 370 = -0*s, 2*s - 4*h - 356 = 0. Let y = -128 + s. Let u(t) = -15*t - 9. Let l be u(-6). What is the greatest common divisor of y and l?
27
Suppose 0 = -2*d - d + 3*s + 252, -4*s - 96 = -d. Suppose 4*p - 8 = 0, z + 3*z = p + 62. Calculate the greatest common divisor of z and d.
16
Suppose -4*k + 67 = -n, 4*n = -n - 15. What is the greatest common factor of 176 and k?
16
Let f = -25 - -17. Let d be 6/(-9) + f/(-3). Suppose -2*k + 33 = -3. Calculate the greatest common factor of d and k.
2
Let i(s) = s**3 + 7*s**2 - 2*s + 14. Let j be i(-7). What is the greatest common divisor of j and 196?
28
Suppose 7 = g - k + 1, 4*k = g - 12. Suppose -5 = -3*v + 25. Calculate the highest common factor of v and g.
2
Let g be (-1)/((16/(-6) - -3)*-3). What is the highest common divisor of g and 11?
1
Suppose -4*m - 67 - 43 = -r, 5*r = 5*m + 580. Suppose -4*u + 2*x + r = x, -3*u - 5*x = -100. Calculate the highest common factor of u and 20.
10
Let v(r) = -3*r - 6. Let d be v(-5). Let z = d + -5. What is the highest common divisor of z and 10?
2
Suppose 4*g = 5*s - 4*s - 82, 5*s - 376 = 3*g. Calculate the greatest common divisor of s and 111.
37
Suppose -2 + 47 = 3*h. Let a(t) = 2*t**2 + 2*t - 4. Let m be a(-4). Let l be ((-9)/6)/((-1)/m). What is the highest common divisor of l and h?
15
Suppose 8 = 5*u - u. Let x be 15 - (0 + -5 + 2). Calculate the highest common factor of u and x.
2
Let l be 10/20*(1 - -43). What is the highest common factor of l and 176?
22
Let m be (27/(-6))/((-6)/36). Suppose m = b + 3. Calculate the greatest common factor of b and 36.
12
Let l be 0 - (15/(-3) - -3). Suppose -3*s - 4*v + l = 0, 3*v = -2*s + 3*s - 18. Suppose 2*o = -0*o + 24. What is the highest common factor of s and o?
6
Let m(w) = 4*w**2 - 23*w + 7. Let k be m(6). What is the greatest common factor of 104 and k?
13
Let y = 627 - 341. Calculate the highest common factor of y and 26.
26
Let p = 26 - 75. Let s = p - -89. Calculate the highest common factor of 5 and s.
5
Let k(f) = -f**2 + 8*f + 4. Let a be k(7). Calculate the greatest common factor of a and 121.
11
Let y = -58 + 128. What is the highest common factor of 14 and y?
14
Let b = -38 + 10. Let w = 4 - b. What is the greatest common divisor of w and 16?
16
Let j = 16 + 8. Let h = 12 + 0. Calculate the highest common factor of j and h.
12
Let v(y) = 2*y - 24. Let t be v(19). What is the highest common factor of t and 126?
14
Let c(l) = 15 + 14*l**3 - 13*l**3 + 11*l**2 + 5*l + 5*l. Let h be c(-10). What is the highest common factor of h and 120?
15
Suppose -2*i + 23 - 3 = 0. What is the highest common divisor of 40 and i?
10
Let y be 212 + (-4)/(-10)*-5. Calculate the greatest common factor of y and 14.
14
Suppose -168 = 4*m - 7*m. Calculate the highest common factor of m and 8.
8
Suppose 0*h - 7 = -3*h + 5*w, 5*h - w - 41 = 0. Let p = -7 + h. Suppose 4*i + 43 = 5*y - p*y, -29 = -y + 5*i. Calculate the greatest common divisor of 45 and y.
9
Let l = -377 - -548. What is the greatest common divisor of l and 19?
19
Let z be (1 + 3)*3*1. Let v(w) = 2*w**2 + 7*w - 6. Suppose -2*b = 17 - 5. Let l be v(b). What is the highest common factor of l and z?
12
Let z be (6/4)/((-2)/(-4)). Suppose -z*s + 9*s - 36 = 0. What is the greatest common factor of 15 and s?
3
Let h = 149 - 76. Let v = -52 + h. Let t be v/(22/16 - 1). Calculate the highest common divisor of t and 7.
7
Suppose 3*k + 37 = t + 6, 41 = 2*t + k. What is the highest common factor of 11 and t?
11
Let h(z) = -3*z - 49. Let b be h(-21). Calculate the greatest common divisor of b and 49.
7
Let b be (-2)/1 + 6 + -53. Let m = b - -103. Calculate the highest common divisor of 36 and m.
18
Suppose 6*a + 20 = 8*a. Let b = 6 - 4. What is the greatest common divisor of a and b?
2
Let b = 3 - 0. Let f be 9/7 + (-38)/133. Calculate the greatest common divisor of b and f.
1
Suppose -3*o - 4*b = -196, -o + 3*o - 129 = -3*b. Calculate the highest common factor of 8 and o.
8
Let c(q) = -2 - 20*q - 2*q - 1 + 4*q. Let w be c(-2). Calculate the highest common factor of 11 and w.
11
Let c(h) = -5*h - 5. Let j be c(-12). What is the greatest common divisor of 5 and j?
5
Let j = -47 + 92. Let u be (2/2 + -6)*-1. What is the greatest common divisor of u and j?
5
Let i = -91 - -132. Suppose -4*l + i + 38 = 5*a, -10 = -l + 2*a. Calculate the greatest common divisor of l and 112.
16
Let b(t) = -t**2 - 7*t + 1. Let j be b(-6). Suppose 16*d = 4*d + 336. Calculate the highest common factor of d and j.
7
Let b be -22*-1*(-4)/(-8). What is the highest common divisor of 1 and b?
1
Let k(y) = -y**2 + 4*y. Let f be k(4). Let x = -3 - -6. Suppose f = -x*p - 2*p + 40. What is the highest common divisor of 64 and p?
8
Suppose 5*b = 3*r + 74, 2*b + 5*r + 0 = 11. Let j = 6 + 20. What is the greatest common factor of j and b?
13
Let p = 48 + -28. Let h = 40 - p. Calculate the greatest common factor of 220 and h.
20
Let l(y) = y**3 + 4*y**2 + 2*y + 7. Let c be l(-3). Calculate the highest common factor of 5 and c.
5
Let p(m) = 5*m - 4*m**2 - 1 + 3*m**2 + 0. Let c be p(3). Let y = 7 - -8. What is the greatest common divisor of y and c?
5
Let r be (2 - 0)/((-4)/(-182)). Let y be (-3)/9*-13*3. What is the highest common divisor of r and y?
13
Let m(d) = d**3 + 14*d**2 - 16*d - 39. Let p be m(-12). Calculate the greatest common divisor of 49 and p.
49
Suppose 3 = q + 2. Suppose -22 = -4*y + 14. Let h = y - q. What is the high